0 = -5*d + 273 + 847. List the prime factors of d.
2, 7
Let r(l) = -6*l**3 - l**2 + 2*l. Let b be r(-2). Suppose 71 = -4*t + q, 31 + 1 = -t + 5*q. Let m = b + t. What are the prime factors of m?
23
List the prime factors of 10/35 + 6935/7.
991
Let a be 102/(-21) - (-3)/(-21). Let y(d) = d + 4. Let p be y(-4). Let z = p - a. List the prime factors of z.
5
Let h = -86 + -39. Let b = h + 190. What are the prime factors of b?
5, 13
Let u = -29 + 42. Let h = -9 + u. Suppose 193 - 21 = h*t. What are the prime factors of t?
43
Let i = 850 + -527. What are the prime factors of i?
17, 19
Let i(p) = -3*p - 22. Let h be i(-10). Let n be 2 - -156 - h/(-2). Suppose -s + 4*s = n. List the prime factors of s.
2, 3
Let x(b) = 4*b - 14. Let z(f) = 2*f + 1. Let h be z(3). What are the prime factors of x(h)?
2, 7
Let r = -183 - -450. Let c = 2 + r. What are the prime factors of c?
269
Let s be 2/10*25/15*-9. List the prime factors of 175 + (s/(-6))/((-2)/4).
2, 3, 29
Suppose 0 = -2*j + t + 400, 26 = 5*j + t - 967. Suppose -6*s + j = 61. What are the prime factors of s?
23
Let c(v) = 29*v - 2. Let h(z) = 29*z - 2. Let w(o) = -5*c(o) + 4*h(o). Let k be w(-1). Suppose -k = -3*m + 53. List the prime factors of m.
2, 7
Let b = 5153 + -1471. What are the prime factors of b?
2, 7, 263
Suppose 6*j = 2085 + 657. List the prime factors of j.
457
Let v = -109 + 984. List the prime factors of v.
5, 7
Let x(m) = m + 10*m + m + 3*m - 18. What are the prime factors of x(5)?
3, 19
Let d be 0*(3 - 20/8). Suppose d = -2*i - 45 + 153. What are the prime factors of (4/(-8))/((-3)/i)?
3
Let k = -60 + 65. Suppose -379 = -k*a + 41. List the prime factors of a.
2, 3, 7
Suppose -5*l = -18 + 3. Let u be 120/28 - 10/35. Let x = l + u. What are the prime factors of x?
7
Let f = -5361 + 7743. What are the prime factors of f?
2, 3, 397
Let q(w) = -31*w - 109. What are the prime factors of q(-10)?
3, 67
Let q = -69 + 1119. List the prime factors of q.
2, 3, 5, 7
What are the prime factors of 5/((-20)/14)*-270?
3, 5, 7
Let j(i) be the third derivative of -i**6/120 - i**5/15 + i**4/6 + i**3 - 7*i**2. Let m(s) = 4*s - 1. Let c be m(-1). What are the prime factors of j(c)?
11
Let t = -8 - -197. What are the prime factors of t?
3, 7
Let v(j) = -3 + 72*j**3 - 73*j**3 - 3 - 4*j**2 + 2*j. What are the prime factors of v(-5)?
3
Suppose 5*u + 0 - 5 = 0, -167 = -4*k + u. Let j = -28 + k. What are the prime factors of j?
2, 7
Let k(x) = -25*x**3 + 2*x + 1. Suppose 3*j + 13 = -0*j - 5*p, 5*p + 8 = 2*j. List the prime factors of k(j).
2, 3
Let q be (9/(-6))/((-30)/20). Suppose s = -q, 3*w = -0*s - s + 146. What are the prime factors of w?
7
Suppose -4*j + 6 = -0*j - 2*u, 5*u + 15 = -j. Suppose 10*y - 321 - 509 = j. List the prime factors of y.
83
Let y = 22 - 5. Suppose 20*t = y*t + 57. List the prime factors of t.
19
Let k be (-2)/6 - 39/(-9). Suppose -4*n + k*q = -164, 5*n - 2*q + q = 213. Let s = n + -30. List the prime factors of s.
13
Let g = 1412 - 1076. List the prime factors of g.
2, 3, 7
Let g = 837 - 118. What are the prime factors of g?
719
Suppose 0 = 4*s - 1958 - 9906. What are the prime factors of s?
2, 1483
Suppose -388 = -5*q + 1032. List the prime factors of q.
2, 71
Let h(l) = 99*l + 23. What are the prime factors of h(4)?
419
Suppose -12391 = -9*m + 4403. What are the prime factors of m?
2, 3, 311
Suppose -2*t - 6 - 18 = -2*g, 0 = -4*g + 3*t + 44. Suppose i = -g + 7. What are the prime factors of (-123 + i)*6/(-12)?
2, 31
Suppose -20 = 5*n + 4*u + 25, -3*u - 10 = -n. Let o be 4/n + (-76)/(-20). Suppose q + 5*m + 17 = o*q, -3*q - 3*m = -36. What are the prime factors of q?
11
Suppose 9 + 11 = -4*s, 2*s - 128 = -3*v. What are the prime factors of (v/6)/((-1)/(-45)*5)?
3, 23
Let x(k) = -4*k - 2*k + 3*k + k. Let c be x(-9). List the prime factors of 171/c*(-1 + 3).
19
Let w(k) = k**3 + 6*k**2 + 2*k - 12. Let b be w(-5). List the prime factors of ((-1)/2*-34)/(b/12).
2, 17
Suppose 5*g + 5 = 0, 14*t - 2*g = 19*t - 3858. What are the prime factors of t?
2, 193
Let y(m) = m**3 - 8*m**2 - 15*m - 12. Let d be 21/2 - (-7)/(-14). List the prime factors of y(d).
2, 19
Let y be 72/27 - 1/(-3). Suppose -y*n - 15 = -8*n. Suppose -a + 84 = n*a. List the prime factors of a.
3, 7
Suppose -5*l = -l - 8. Suppose -3*d + 4 = g, -l*d + 10 + 6 = 4*g. List the prime factors of 11*(3 - (d - -2)).
11
Let h = -11 + 13. Suppose i - 11 = 2*u, -i - 2*i - h*u = -1. Suppose 60 = i*z + 18. What are the prime factors of z?
2, 7
Let u(b) = b**3 - 3*b**2 + 4*b - 12. Let d be u(7). Suppose -4*h + d = -364. List the prime factors of h.
2, 3
Suppose -5*l + 6 - 1 = 0. Suppose -r = l + 4, 2*i + 4*r - 2 = 0. What are the prime factors of i?
11
Let g(h) = -h**3 + 10*h**2 - 3*h + 30. Let n be g(10). Suppose -2*b + 92 = -4*v, n*v = 4*b + v - 166. What are the prime factors of b?
2, 3, 7
Let k = 5440 - 1541. List the prime factors of k.
7, 557
Suppose -5*y = -5*l + 7815, -l = -y - 2*y - 1571. What are the prime factors of l?
1559
Let l(w) = w**3 - 2*w**2 + 4*w + 11. What are the prime factors of l(6)?
179
Suppose o + 0 - 3 = 3*g, 15 = -5*o. Let x be 1/(g*1/92). Let t = -25 - x. List the prime factors of t.
3, 7
Suppose 2*t - 9 - 1 = 0. Suppose -2 = t*i + 2*m - 0*m, -5*m - 5 = 4*i. Suppose i = 2*d - 15 - 23. What are the prime factors of d?
19
Suppose 5*p = -2*s + 159, -2*s + 4*p - 11 = -215. Let r = s - 18. List the prime factors of r.
2, 37
List the prime factors of 713 - (70/(-7) - -4).
719
Suppose -c = 5*h - 482, -5*c = -5*h - 2838 + 488. List the prime factors of c.
2, 59
Let w = -1111 - -1683. What are the prime factors of w?
2, 11, 13
Let m(q) = -5*q + 7*q - 2*q + 4 + q**2. Let n be m(0). Suppose 0 = -g + 4*g - n*u - 36, -5*u = -3*g + 36. List the prime factors of g.
2, 3
Let q(k) = -k**3 - 28*k**2 + 54*k - 9. What are the prime factors of q(-32)?
7, 337
Let m be (27/(-6) - -4)*82. Let g = m - -132. Let w = g - 26. List the prime factors of w.
5, 13
Let v(u) = 154*u**2 - 31*u + 8. What are the prime factors of v(-2)?
2, 7
What are the prime factors of 2/15 - -2*108713/330?
659
Suppose -3 - 2 = r. Let l be -11 - (3 + r + -1). Let y = l + 12. List the prime factors of y.
2
Suppose 0 = 35*x - 45*x + 26280. What are the prime factors of x?
2, 3, 73
Let f(y) = -y**2 + 13*y + 6. Suppose 5*r + v = -4*v + 195, -54 = -r + 4*v. Suppose 2*b - r = -b + 4*x, -2*b + x + 23 = 0. What are the prime factors of f(b)?
2, 3
Let n(x) = -21*x**3 - x**2 - 2*x - 1. Let i be n(-1). Let y = i + -25. List the prime factors of y/4 + 1 - -63.
3, 7
Let d(b) = b**3 + b**2 + 2*b + 25. Suppose -5*t - 3 = -a, 2*a = 3*t - a + 9. What are the prime factors of d(t)?
5
Let i = -2 + 4. Let q(a) = -a**i - 2 + 3*a - a**2 - 14*a + 3*a**2. List the prime factors of q(12).
2, 5
Suppose 30 = h + 5*j, 4*h + 4*j - 45 + 5 = 0. Suppose h*i + i = 390. List the prime factors of i.
5, 13
Suppose -310 = -20*v + 2050. List the prime factors of v.
2, 59
Suppose 17*l = 28*l - 9383. What are the prime factors of l?
853
Suppose l = 6*l - 330. Let o = l - -34. List the prime factors of o.
2, 5
Suppose -402 = -4*k - 2*l, 3*l + 509 = 5*k - l. Suppose 4*y = 4*p - 5*p + k, p - 106 = -3*y. What are the prime factors of p?
11
Let f(o) = -231*o - 3. Let l be f(-1). List the prime factors of l/18*9/3.
2, 19
Let v = 383 - -419. List the prime factors of v.
2, 401
Suppose 5*s - 1729 = s - f, 15 = 3*f. What are the prime factors of s?
431
Let w(d) = 115*d**2 + d - 2. Suppose -6*s - 5 = -11*s. What are the prime factors of w(s)?
2, 3, 19
Let j = -31 + 301. Suppose 2*d + 78 = 2*m - j, 4*d + 189 = m. List the prime factors of m.
13
Let a(f) = f - 4 - 3 - 5*f. Let j be a(-6). What are the prime factors of j + 0/(2*-2)?
17
Let z(b) = b**2 - 4*b - 4. Let v be z(6). List the prime factors of v + 77 - (-8)/(-2).
3
Let u(v) = v**3 - 2*v - 19. Let h be u(6). Let s = h + -87. List the prime factors of s.
2, 7
List the prime factors of (-6)/15 + ((-16588)/(-20) - -9).
2, 419
Let n = 11 - 5. What are the prime factors of (((-56)/n)/2)/((-5)/15)?
2, 7
Suppose -t = 2*f - 255, -4*f + f - 5*t = -400. Suppose 0 = 3*x - 8*x + f. What are the prime factors of x?
5
Let l(n) = 9*n**3 - 3*n**2 + 5*n + 7. List the prime factors of l(3).
2, 7, 17
Suppose -2*s = -3*h + 2*s + 8721, -4*h - 5*s + 11628 = 0. What are the 